or of 14595 and 240?
15
What is the greatest common factor of 19134 and 7632?
18
What is the highest common factor of 57304 and 2888?
152
Calculate the highest common factor of 5975744 and 64.
64
What is the highest common divisor of 624 and 123448?
104
Calculate the greatest common divisor of 160 and 151400.
40
Calculate the greatest common divisor of 31 and 35681.
31
What is the greatest common factor of 3309553 and 494?
247
Calculate the highest common factor of 446866 and 1652.
826
What is the highest common factor of 738997 and 386?
193
What is the greatest common factor of 872 and 2474300?
436
Calculate the greatest common factor of 1696 and 1424.
16
What is the highest common factor of 1713 and 19043421?
1713
Calculate the highest common factor of 14160 and 816.
48
What is the highest common divisor of 252 and 20132?
28
Calculate the greatest common factor of 91 and 78273.
13
What is the greatest common divisor of 3764120 and 2224?
1112
What is the greatest common factor of 31450 and 27200?
850
What is the greatest common factor of 16170 and 15582?
294
What is the highest common factor of 924 and 76846?
154
What is the greatest common divisor of 359 and 1147005?
359
What is the greatest common factor of 158400 and 1728?
576
What is the highest common factor of 133514 and 16897?
277
Calculate the greatest common factor of 42490 and 280.
70
Calculate the highest common factor of 16 and 12958656.
16
What is the highest common factor of 250 and 20450?
50
What is the highest common divisor of 533 and 3705?
13
Calculate the greatest common factor of 371952 and 41902.
574
Calculate the greatest common factor of 195258 and 525.
21
What is the greatest common divisor of 69611 and 16135?
461
What is the highest common divisor of 28520 and 930?
310
What is the highest common factor of 3332 and 8704?
68
Calculate the highest common factor of 13 and 1154842.
13
What is the greatest common divisor of 377 and 73463?
13
Calculate the highest common factor of 69408 and 60491.
241
What is the highest common factor of 5026 and 11847?
359
What is the highest common divisor of 1979 and 1?
1
Calculate the highest common factor of 4688 and 336.
16
What is the highest common factor of 1383602 and 66?
22
What is the highest common divisor of 14 and 2624132?
14
What is the greatest common divisor of 3399 and 693?
33
What is the highest common divisor of 127 and 123317?
127
Calculate the highest common factor of 532 and 113563.
19
Calculate the greatest common divisor of 21 and 20307.
21
What is the highest common factor of 403992 and 496?
248
What is the highest common factor of 187 and 1562?
11
Calculate the highest common divisor of 334166 and 294.
14
Calculate the greatest common factor of 3321 and 4674.
123
What is the greatest common factor of 13888 and 5?
1
What is the highest common divisor of 5706 and 558?
18
What is the greatest common divisor of 112 and 71816?
8
What is the highest common factor of 26360 and 40?
40
What is the highest common factor of 3787 and 44903?
541
Calculate the highest common factor of 119 and 16439.
17
What is the highest common factor of 674869 and 65?
13
What is the greatest common factor of 98 and 10514?
14
What is the highest common factor of 211708 and 28?
28
Calculate the highest common divisor of 140361 and 3965.
793
Calculate the greatest common divisor of 8 and 18196.
4
What is the greatest common factor of 480 and 23540?
20
What is the highest common factor of 174 and 8642?
58
What is the highest common factor of 35 and 9037?
7
Calculate the greatest common factor of 2893152 and 192.
96
What is the greatest common factor of 18434 and 546?
26
Calculate the highest common divisor of 826 and 1162.
14
What is the greatest common factor of 2922938 and 178?
178
What is the greatest common factor of 42728 and 18648?
56
What is the highest common factor of 45 and 6845?
5
Calculate the greatest common divisor of 90 and 7235.
5
Calculate the highest common factor of 2060 and 2458404.
412
Calculate the greatest common divisor of 204452 and 10999.
647
Calculate the greatest common factor of 18213 and 6357.
39
Calculate the highest common divisor of 12 and 67794.
6
Calculate the highest common factor of 62025 and 180.
15
What is the highest common factor of 73875 and 1875?
375
What is the highest common divisor of 27 and 2534391?
9
Calculate the greatest common divisor of 1400025 and 5775.
825
What is the greatest common factor of 69224 and 680?
136
What is the greatest common factor of 237 and 312?
3
Calculate the highest common factor of 110390 and 22610.
1330
Calculate the highest common divisor of 10144 and 24.
8
Calculate the greatest common factor of 697597 and 421.
421
What is the greatest common factor of 21 and 11811?
3
What is the highest common divisor of 1360 and 51440?
80
What is the greatest common factor of 236 and 234643?
59
What is the highest common divisor of 35280 and 1035?
45
Calculate the greatest common factor of 56 and 644539.
7
Calculate the highest common divisor of 203 and 783.
29
Calculate the highest common factor of 965202 and 14.
14
What is the greatest common factor of 171191 and 386?
193
Calculate the greatest common divisor of 3015 and 788121.
603
Calculate the greatest common factor of 628 and 86350.
314
What is the highest common divisor of 5259 and 27?
3
Calculate the highest common factor of 89448 and 3144.
24
Calculate the highest common factor of 112554 and 36.
18
What is the highest common divisor of 3600 and 21850?
50
What is the highest common divisor of 15812 and 4602?
118
Calculate the highest common divisor of 15 and 86265.
15
Calculate the highest common factor of 11688 and 984.
24
Calculate the highest common divisor of 4866 and 30.
6
What is the greatest common divisor of 36707 and 284?
71
Calculate the greatest common factor of 272 and 335716.
68
Calculate the highest common divisor of 241437 and 21.
21
Calculate the highest common factor of 9545 and 1311.
23
What is the highest common divisor of 496048 and 8944?
688
Calculate the greatest common divisor of 14154 and 126.
42
What is the highest common divisor of 10550 and 1000?
50
Calculate the highest common factor of 938 and 3980872.
938
What is the greatest common divisor of 258 and 102?
6
What is the greatest common factor of 119448 and 21014?
1106
What is the highest common factor of 1260 and 5710140?
180
Calculate the greatest common divisor of 455133 and 21.
21
What is the greatest common factor of 164 and 8632?
4
What is the highest common factor of 36 and 88362?
18
What is the greatest common factor of 8719766 and 44?
22
What is the greatest common factor of 99 and 162437?
11
What is the greatest common factor of 1422 and 2646?
18
Calculate the greatest common factor of 733361 and 274.
137
What is the greatest common factor of 31220 and 2240?
140
Calculate the highest common divisor of 46912 and 416.
32
What is the greatest common factor of 1452 and 19932?
132
What is the greatest common factor of 1222 and 3406?
26
Calculate the greatest common divisor of 85 and 638775.
85
What is the greatest common divisor of 50 and 18530?
10
Calculate the highest common divisor of 13600 and 6250.
50
What is the highest common divisor of 732 and 380396?
244
What is the greatest common factor of 39078 and 18537?
501
Calculate the highest common divisor of 109 and 3458243.
109
Calculate the highest common divisor of 301893 and 412.
103
What is the greatest common factor of 91784 and 32032?
616
Calculate the greatest common divisor of 220621 and 41.
41
Calculate the highest common factor of 145 and 3.
1
What is the highest common divisor of 2063177 and 139?
139
What is the greatest common divisor of 1998 and 13875?
111
Calculate the highest common factor of 2832 and 3216.
48
Calculate the highest common factor of 784960 and 30.
10
What is the greatest common divisor of 16 and 119344?
16
What is the greatest common factor of 36 and 92214?
18
What is the highest common divisor of 60753 and 462?
231
Calculate the highest common divisor of 2225 and 4075.
25
Calculate the highest common divisor of 57 and 8227.
19
Calculate the greatest common factor of 30 and 221230.
10
What is the greatest common factor of 13594 and 14?
14
Calculate the gr